s the units digit of 1169?
9
What is the thousands digit of 9859?
9
What is the thousands digit of 26925?
6
What is the units digit of 1302?
2
What is the hundreds digit of 3610?
6
What is the tens digit of 708?
0
What is the ten thousands digit of 18893?
1
What is the hundreds digit of 13397?
3
What is the thousands digit of 10075?
0
What is the ten thousands digit of 15103?
1
What is the tens digit of 6576?
7
What is the ten thousands digit of 43339?
4
What is the thousands digit of 47517?
7
What is the hundreds digit of 14700?
7
What is the ten thousands digit of 143766?
4
What is the ten thousands digit of 60240?
6
What is the units digit of 9238?
8
What is the tens digit of 4758?
5
What is the tens digit of 3202?
0
What is the tens digit of 1312?
1
What is the tens digit of 56631?
3
What is the tens digit of 298?
9
What is the tens digit of 9330?
3
What is the tens digit of 743?
4
What is the units digit of 5429?
9
What is the hundreds digit of 1341?
3
What is the tens digit of 17743?
4
What is the hundreds digit of 13496?
4
What is the tens digit of 35262?
6
What is the tens digit of 10779?
7
What is the tens digit of 113853?
5
What is the tens digit of 84987?
8
What is the tens digit of 1236?
3
What is the hundreds digit of 93821?
8
What is the hundreds digit of 601?
6
What is the thousands digit of 20742?
0
What is the thousands digit of 9755?
9
What is the tens digit of 291?
9
What is the thousands digit of 14791?
4
What is the tens digit of 30238?
3
What is the tens digit of 157?
5
What is the units digit of 1512?
2
What is the units digit of 1072?
2
What is the hundreds digit of 2276?
2
What is the units digit of 355?
5
What is the thousands digit of 33325?
3
What is the hundreds digit of 6975?
9
What is the hundreds digit of 191?
1
What is the units digit of 19356?
6
What is the units digit of 19726?
6
What is the units digit of 64833?
3
What is the tens digit of 445?
4
What is the units digit of 341?
1
What is the hundreds digit of 21185?
1
What is the hundred thousands digit of 124076?
1
What is the units digit of 9165?
5
What is the hundreds digit of 542?
5
What is the tens digit of 43469?
6
What is the hundreds digit of 92357?
3
What is the units digit of 13375?
5
What is the hundreds digit of 2883?
8
What is the thousands digit of 93123?
3
What is the hundreds digit of 5511?
5
What is the thousands digit of 18964?
8
What is the tens digit of 20063?
6
What is the thousands digit of 1981?
1
What is the units digit of 35773?
3
What is the tens digit of 950?
5
What is the thousands digit of 2060?
2
What is the units digit of 21773?
3
What is the hundreds digit of 1038?
0
What is the tens digit of 5296?
9
What is the hundreds digit of 2007?
0
What is the units digit of 6621?
1
What is the thousands digit of 1226?
1
What is the thousands digit of 8278?
8
What is the units digit of 1178?
8
What is the thousands digit of 3180?
3
What is the tens digit of 10262?
6
What is the tens digit of 12758?
5
What is the tens digit of 32027?
2
What is the tens digit of 7855?
5
What is the units digit of 8874?
4
What is the ten thousands digit of 45721?
4
What is the tens digit of 176237?
3
What is the hundreds digit of 20317?
3
What is the hundreds digit of 7364?
3
What is the tens digit of 19388?
8
What is the units digit of 2965?
5
What is the ten thousands digit of 40118?
4
What is the hundreds digit of 1871?
8
What is the tens digit of 751?
5
What is the tens digit of 7609?
0
What is the thousands digit of 4989?
4
What is the tens digit of 2391?
9
What is the units digit of 4063?
3
What is the units digit of 2706?
6
What is the units digit of 19?
9
What is the units digit of 1848?
8
What is the units digit of 1069?
9
What is the thousands digit of 2131?
2
What is the hundreds digit of 485?
4
What is the units digit of 18746?
6
What is the tens digit of 9415?
1
What is the tens digit of 16911?
1
What is the tens digit of 1696?
9
What is the thousands digit of 17565?
7
What is the units digit of 1818?
8
What is the hundreds digit of 3008?
0
What is the hundreds digit of 148027?
0
What is the units digit of 177?
7
What is the tens digit of 29580?
8
What is the hundreds digit of 354?
3
What is the hundreds digit of 35438?
4
What is the tens digit of 295?
9
What is the thousands digit of 31452?
1
What is the thousands digit of 1180?
1
What is the units digit of 375?
5
What is the hundreds digit of 63820?
8
What is the tens digit of 1375?
7
What is the tens digit of 3694?
9
What is the units digit of 1383?
3
What is the tens digit of 107?
0
What is the hundreds digit of 22341?
3
What is the hundreds digit of 2833?
8
What is the hundreds digit of 684?
6
What is the units digit of 3175?
5
What is the units digit of 43177?
7
What is the hundred thousands digit of 184107?
1
What is the tens digit of 2924?
2
What is the hundreds digit of 2621?
6
What is the tens digit of 466?
6
What is the hundreds digit of 20480?
4
What is the tens digit of 9392?
9
What is the thousands digit of 26876?
6
What is the units digit of 46394?
4
What is the thousands digit of 1210?
1
What is the ten thousands digit of 131963?
3
What is the tens digit of 375?
7
What is the hundreds digit of 1867?
8
What is the thousands digit of 32235?
2
What is the thousands digit of 19033?
9
What is the thousands digit of 2566?
2
What is the tens digit of 1821?
2
What is the hundreds digit of 51251?
2
What is the units digit of 52916?
6
What is the tens digit of 13174?
7
What is the thousands digit of 79688?
9
What is the thousands digit of 1442?
1
What is the thousands digit of 1395?
1
What is the hundreds digit of 75746?
7
What is the thousands digit of 2831?
2
What is the tens digit of 21243?
4
What is the tens digit of 44606?
0
What is the thousands digit of 12753?
2
What is the thousands digit of 1667?
1
What is the units digit of 43127?
7
What is the units digit of 1150?
0
What is the tens digit of 21569?
6
What is the ten thousands digit of 92505?
9
What is the thousands digit of 1377?
1
What is the units digit of 195?
5
What is the tens digit of 2952?
5
What is the units digit of 6837?
7
What is the units digit of 1063?
3
What is the units digit of 40395?
5
What is the tens digit of 9277?
7
What is the hundreds digit of 5529?
5
What is the hundreds digit of 8968?
9
What is the tens digit of 7927?
2
What is the thousands digit of 1663?
1
What is the hundreds digit of 42076?
0
What is the units digit of 2037?
7
What is the hundreds digit of 301?
3
What is the units digit of 6461?
1
What is the hundreds digit of 4095?
0
What is the hundreds digit of 585?
5
What is the thousands digit of 127279?
7
What is the units digit of 53694?
4
What is the tens digit of 69334?
3
What is the tens digit of 10752?
5
What is the hundreds digit of 10746?
7
What is the tens digit of 10757?
5
What is the thousands digit of 91275?
1
What is the thousands digit of 10408?
0
What is the thousands digit of 1164?
1
What is the units digit of 2913?
3
What is the tens digit of 164299?
9
What is the thousands digit of 2226?
2
What is the units digit of 16417?
7
What is the tens digit of 1054?
5
What is the hundreds digit of 1812?
8
What is the tens digit of 3247?
4
What is the thousands digit of 8605?
8
What is the tens digit of 1377?
7
What is the tens digit of 3808?
0
What is the thousands digit of 2513?
2
What is the hundreds digit of 3315?
3
What is the units digit of 944?
4
What is the thousands digit of 2466?
2
What is the tens digit of 4362?
6
What is the hundreds digit of 16351?
3
What is the units digit of 6210?
0
What is the ten thousands digit of 48286?
4
What is the units digit of 4130?
0
What is the tens digit of 7132?
3
What is the units digit of 175?
5
What is the units digit of 14279?
9
What is the units digit of 174527?
7
What is the tens digit of 1217?
1
What is the hundreds digit of 77459?
4
What is the units digit of 6155?
5
What is the hundreds digit of 1303?
3
What is the tens digit of 229?
2
What is the thousands digit of 23792?
3
What is the tens digit of 54149?
4
What is the tens digit of 84279?
7
What is the hundreds digit of 986?
9
What is the units digit of 1780?
0
What is the units digit of 13269?
9
What is the hundreds digit of 1749?
7
What is the thousands digit of 1140?
1
What 